4 = -b + 5*x + 8. Suppose -5*f - 5*a = -60, 4*a = 4 - 0. Suppose 4*y - b = -f. What are the prime factors of y?
3
Suppose 5*t - v - 16 = -2*v, 3*v = -3*t + 12. Let m be t/((-3)/(-2) - 0). Suppose -23 = -3*s - n, -n - 10 = -m*s - 3*n. What are the prime factors of s?
3
List the prime factors of (928/(-40))/(4/(-10)).
2, 29
Let r = 171 + -81. Let t = -52 + r. Suppose 2*u - 20 = 2*m - 4*m, 3*m = -5*u + t. List the prime factors of m.
2, 3
Suppose g - 4 = 0, 2*w - 52 = 2*g + 3*g. Suppose 0 = 3*k - 2*k - w. What are the prime factors of k?
2, 3
Suppose 26 = 5*z + 3*x, -3*z - 5 = 3*x - 23. Let s(w) = 4*w - 2. What are the prime factors of s(z)?
2, 7
Let q(i) = -i**3 + 6*i**2 + 9*i + 1. Let v(f) = f**3 + 9*f**2 - 2*f - 11. Let d be v(-9). List the prime factors of q(d).
3, 5
Let q = 10 + 18. List the prime factors of q.
2, 7
What are the prime factors of (-2261)/(-38) - 2/4?
59
Let f = -5 - -7. Suppose j - 20 = -2*n, -3 - 17 = -f*n - 5*j. What are the prime factors of n?
2, 5
Let f = -71 - -126. List the prime factors of f.
5, 11
Let u(t) = t**2 + 8*t + 10. Let y be u(-7). Let w be 2/y - 5/3. Let o = w + 17. What are the prime factors of o?
2
Let m(k) = k + k**2 - 6 - k. Let q be m(0). Let g = -1 - q. List the prime factors of g.
5
Let k be (-2)/(-3) + (-88)/(-3). Let r = k - 3. What are the prime factors of r?
3
Let p(m) = 3*m**3 - m**2 + 2*m - 1 + 32*m**3 + 5*m**3. What are the prime factors of p(1)?
2, 5
Let l(d) = -d + 44. List the prime factors of l(-10).
2, 3
Let m(k) = -217*k. What are the prime factors of m(-1)?
7, 31
Suppose 0 = -2*a, 4*q + 5*a - 40 = a. Let i be (-2)/10 + (-48)/q. Let z = 15 + i. What are the prime factors of z?
2, 5
Let s(t) = -t**2 - t + 3*t**2 + 4*t. Let i be s(-5). Suppose i - 8 = 3*m. What are the prime factors of m?
3
Suppose 9 = -0*z + 3*z. Let o = 5 - z. List the prime factors of (-580)/(-44) - o/11.
13
Let t(u) = 8*u. Let w be t(6). Suppose -n = s + 16, -2*s - w = -2*n - 0*n. Let j = -13 - s. What are the prime factors of j?
7
What are the prime factors of (6 - (-670)/(-15))/(2/(-3))?
2, 29
Let p = -3 - -13. Suppose 0*i = 2*i - p. Suppose -4*a = -i*l + 42, -3*a - 24 = -3*l - 0*a. List the prime factors of l.
2, 5
Let m = -7 - -11. Suppose 2*v + 66 = m*x, -2*x + 3*v + 24 = -v. What are the prime factors of x?
2, 3
Suppose -163 = -3*o + 47. List the prime factors of o.
2, 5, 7
Suppose 199 = -5*s + 3*u, s = -0*s - 5*u - 23. Let g = -25 - s. List the prime factors of g.
13
Let b be (26/3)/((-6)/(-9)). Let d = b - 4. What are the prime factors of d?
3
Let u(s) = -s**2 - 7*s - 8. Let k be u(-6). Let y = k + -2. What are the prime factors of 6/y*64/(-24)?
2
Suppose -2*i + 26 = 2*m, 3*i - 2*m = -2 + 16. List the prime factors of i.
2
Let h be 12/42 - (-60)/(-14). Let p = -3 + h. Let q = p - -18. List the prime factors of q.
11
Let o(z) = 0*z - z + 7*z - 4*z - 9. Let d(n) = -7*n. Let a be d(-1). What are the prime factors of o(a)?
5
Let y(n) = n + 13. Let o be y(-9). Suppose -t = t + 132. List the prime factors of 6/(-9)*t/o.
11
Let r be (-2)/(-8) + 7/4. Let y(i) = 2*i**3 - 2*i**2 - 2*i + 1. List the prime factors of y(r).
5
Let x be (-46)/(-10) + 12/30. Let c = 0 + x. Suppose -p + 6 = 2*k, -2*p = -0*p - c*k + 6. List the prime factors of p.
2
Let v(j) = -2*j**3 + 2*j**2 + j. Let l be v(-1). Suppose 14 = -4*t - l*s + 3, -t - 9 = 2*s. What are the prime factors of 2 + (t - 3) + 9?
3
Suppose 0 = 4*m + 27 - 83. Suppose -4*g + m = -3*g. What are the prime factors of g?
2, 7
Let d(i) be the first derivative of i**4/4 + 2*i**3 + 3*i**2/2 + i - 3. What are the prime factors of d(-5)?
11
What are the prime factors of (6/(-2))/(4/(-36))?
3
Suppose i - 1 = -3*w + 16, 3*i = -w + 3. What are the prime factors of w?
2, 3
Suppose -12*t + 344 + 184 = 0. What are the prime factors of t?
2, 11
Let x = 180 - 42. List the prime factors of x.
2, 3, 23
Let c = -12 + 19. List the prime factors of c.
7
Let b = -50 - -53. What are the prime factors of b?
3
Let n = 125 - 43. List the prime factors of n.
2, 41
Suppose 0 = -p - 3*p + 64. Let r = p - 13. What are the prime factors of r?
3
Let d = -6 + -2. Let z = 12 + d. List the prime factors of z.
2
Suppose 9 + 42 = 3*w. Let z = w - 3. List the prime factors of z.
2, 7
Suppose -7*k - 20 = -2*k. What are the prime factors of ((-27)/12 - -1)*k?
5
Let x(o) = 8 + 0*o**2 - 5 + 5*o + 2*o**2. What are the prime factors of x(-3)?
2, 3
Suppose -q = -6*q - 2*a + 250, -q = -3*a - 67. What are the prime factors of q?
2, 13
Let o(j) = j - 3. Let w be o(3). Let p = w + 2. Suppose -1 = -p*n + 9. What are the prime factors of n?
5
Suppose s - 32 = -5*d, 0*d - 4*d - 78 = -2*s. Suppose -2*w = -r + 13 - s, 5*r = -5*w + 45. List the prime factors of w.
11
Let b(w) = w**3 - 2*w**2 - w + 7. What are the prime factors of b(0)?
7
Let f(b) = b**2 - b - 1. Let v(c) = -10*c**2 - 2*c - 3. Let k(y) = 2*f(y) - v(y). List the prime factors of k(-1).
13
Let v(u) = u + 1. Suppose -2*q - 4*s = 24, s - 6*s - 15 = 0. Let p be v(q). Let l(z) = z**2 + 3*z + 4. List the prime factors of l(p).
2, 7
Let r(h) = 6*h**3 - 3*h**2 + 3*h + 2. Let z(j) = j**3 + 8*j**2 - 10*j - 7. Let v be z(-9). What are the prime factors of r(v)?
2, 11
Let d(r) = -r**2 - r + 1. Let m be d(-3). Let z(q) = -q**3 + 9*q**2 + 10*q + 7. Let j be z(10). Let v = j + m. What are the prime factors of v?
2
Let f(t) = t**3 - 19*t**2 + 19*t - 21. Let w be f(18). Suppose 8 = -x - 5. Let n = w - x. What are the prime factors of n?
2, 5
List the prime factors of 682/8 + (-7)/28.
5, 17
Let c be (12 + -2)*(-4)/(-5). Let n(m) = -m**2 + 8*m + 2. Let l be n(c). Suppose -x + l*z + 2*z - 13 = 0, -3*x + 3*z + 6 = 0. List the prime factors of x.
7
Let v(w) = 5*w**2 + 8*w + 7. List the prime factors of v(5).
2, 43
Let h(z) = -z**2 - 7*z + 147. List the prime factors of h(0).
3, 7
Let p(r) = -r - 1. Let b be p(7). Let k = b + 10. What are the prime factors of k?
2
Suppose -4*d + 3*s + 3 = -3*d, 2*d + 3*s = 6. Suppose 3*y - 33 = 5*o, 0 = -5*o + 4*y + d - 37. What are the prime factors of (1 - o)*(-1 - -2)?
7
Suppose -2*c = 1 - 47. What are the prime factors of c?
23
Suppose 0*c + 14 = -c. Let a = 23 + c. List the prime factors of a.
3
Suppose 0 = -7*p + 4*p + 15. What are the prime factors of 2/((-6)/(-525)*p)?
5, 7
Let w(m) = 19*m + 1. Let o be (-15)/(-9) + 2/(-3). What are the prime factors of w(o)?
2, 5
Let c be ((-2 - -6) + -4)/(-1). Suppose x - 2 - 22 = c. What are the prime factors of x?
2, 3
Suppose 3 = -2*q + 9. Suppose 2*k + k - q*m = 24, -4*m - 20 = -2*k. List the prime factors of k.
2, 3
Let s = 7 - -33. List the prime factors of s.
2, 5
Suppose -3*n - n + 12 = 0, 0 = 3*c - 4*n + 6. Suppose 0 = -3*t - 3, -c*q = -3*t - 26 - 1. What are the prime factors of q?
2, 3
Let z(c) = -c**2 + 10*c - 12. Let v be z(8). Suppose 0 = -v*j + j + 54. What are the prime factors of j?
2, 3
Suppose 2*m = 5*i - 0*m, 0 = 4*i + 2*m - 18. Suppose i*z = 4*k + 22, 0 = -z + 2*z - 4*k - 5. What are the prime factors of z?
17
Suppose 27*f - 86 = 26*f. What are the prime factors of f?
2, 43
Let f = -13 - -7. What are the prime factors of f/(-4)*(-28)/(-3)?
2, 7
Let v(c) = -c**2 - 8*c - 4. Let o(t) = -t**2 + 10*t + 9. Let k be o(8). Suppose 0 - k = 5*f. What are the prime factors of v(f)?
11
Let m be (-60)/(-24)*(-32)/(-5). Suppose 3*f + 5*w = 67, -5*w = 4*f - 106 + 10. Let x = f - m. What are the prime factors of x?
13
Let w be (-6)/(-14) + (-9)/21. Let n(a) = -a + 16. List the prime factors of n(w).
2
Let j = 67 + 70. List the prime factors of j.
137
Let x(v) = v + 70. List the prime factors of x(-7).
3, 7
Suppose j - 3 = -0*j. Suppose -9*q + 51 = -4*q - 2*x, 0 = -q - j*x. List the prime factors of q.
3
Suppose 4*y = a - 4, 3*y + 2*a = -3*a - 3. Let m = y + 7. Suppose 3*g - m*g = -27. List the prime factors of g.
3
Let b(f) = 4*f + 4. Let k be b(12). Let n be k/2 + (5 - 3). Suppose 4*p - n = -0*p. What are the prime factors of p?
7
Let u = -209 + 350. What are the prime factors of u?
3, 47
Suppose -4*t + 10 = t. List the prime factors of -2*(-6*1 + t).
2
Let a(x) = 0*x**3 + 3*x + 5*x**2 - x**3 - 3*x**2. Let s be a(-3). Let u = s + -25. What are the prime factors of u?
11
Suppose -3*o - 5*o = -688. List the prime factors of o.
2, 43
What are the prime factors of 178/2 + (-7 - -6)?
2, 11
What are the pri